hat is -2444002111 + -13?
-2444002124
In base 16, what is 3f356 + -1e6?
3f170
In base 13, what is -3b + -7b03a5?
-7b0413
In base 15, what is -5c5755 - -2c?
-5c5728
In base 6, what is -43554200 - 110?
-43554310
In base 10, what is -163 - -37936?
37773
In base 14, what is 7b0 + -858?
-88
In base 2, what is -1 + 1010001100001101?
1010001100001100
In base 14, what is 4 - 148093?
-14808d
In base 5, what is 2 + -241311020?
-241311013
In base 3, what is -20102211110 + -211210?
-20110200020
In base 3, what is 200002122221 - 10121?
200002112100
In base 4, what is 220223131 - 20020?
220203111
In base 12, what is -2204 - 21?
-2225
In base 12, what is 165b + 273?
1912
In base 15, what is -da - 36abe?
-36ba9
In base 14, what is 2a70ac - -d7?
2a71a5
In base 3, what is -21 - -11010122112111?
11010122112020
In base 15, what is -23 - 421c7?
-421ea
In base 14, what is 21 + -336a?
-3349
In base 10, what is 207 - 16883?
-16676
In base 14, what is -2442482 + 3?
-244247d
In base 13, what is -2 - -197bc1?
197bbc
In base 4, what is 112213001021 + 1?
112213001022
In base 11, what is 267 - 92058?
-918a1
In base 7, what is 550606 - -6?
550615
In base 3, what is -1000 - 2010000120202?
-2010000121202
In base 10, what is 0 - 37289701?
-37289701
In base 10, what is 419963947 + 2?
419963949
In base 14, what is 2603b + 19a?
261d7
In base 3, what is -20010101 - -2002120?
-11000211
In base 5, what is 12 + 13220411?
13220423
In base 13, what is -5 - -6535b68?
6535b63
In base 16, what is 1 + -17c3644b?
-17c3644a
In base 11, what is 23 - 24095a?
-240937
In base 5, what is 214421 + -11430140?
-11210214
In base 5, what is 12040101 - -222?
12040323
In base 12, what is 120164644 + 2?
120164646
In base 3, what is -20211 - -1012210202?
1012112221
In base 5, what is -2203243 + 33440?
-2114303
In base 11, what is -2a722 + 719?
-2a004
In base 12, what is -2 + 495a7b8?
495a7b6
In base 16, what is 860 + -42825?
-41fc5
In base 12, what is 4419 + -21016?
-187b9
In base 4, what is 21331202130211 + 0?
21331202130211
In base 3, what is 0 - -21121012021102110?
21121012021102110
In base 13, what is -51b - 2303?
-2821
In base 11, what is -1 - 60571a1?
-60571a2
In base 5, what is 4 - 12112104?
-12112100
In base 14, what is d95 + 18d?
1144
In base 11, what is 5 + -9365a7?
-9365a2
In base 13, what is -3aa641c + 5?
-3aa6417
In base 12, what is -5 - 1674679a?
-167467a3
In base 8, what is -2 - 13503624?
-13503626
In base 2, what is 11010111100 + -100011110000?
-1000110100
In base 13, what is -55821547 + 1?
-55821546
In base 3, what is 10212000 - -1001202221220?
1001220210220
In base 8, what is -52200574 - -30?
-52200544
In base 8, what is 313274561 + 2?
313274563
In base 6, what is 5030 + 104003?
113033
In base 5, what is -13142320 + 20?
-13142300
In base 14, what is -8c7ad + 0?
-8c7ad
In base 4, what is 1 - -12000000023?
12000000030
In base 2, what is 101011101101 - 1010001010110001?
-1001011111000100
In base 13, what is -1a0 + 1ba87?
1b8b7
In base 2, what is 1001000010001100100111 + 10100?
1001000010001100111011
In base 11, what is -28 + -141282?
-1412aa
In base 4, what is 1223310120 - 121001?
1223123113
In base 3, what is -1 - -200111212000?
200111211222
In base 12, what is 35137 - 1142?
33bb5
In base 8, what is 61200 - -665?
62065
In base 14, what is -1 - -3ad375?
3ad374
In base 11, what is -151 + a3269?
a3118
In base 4, what is 21301122321032 + -1?
21301122321031
In base 11, what is -75 - 27511?
-27586
In base 14, what is -4 - 12cd18b?
-12cd191
In base 16, what is -52 - 32e41a?
-32e46c
In base 16, what is -1b317a + -1e?
-1b3198
In base 13, what is -3998c8 - 3?
-3998cb
In base 3, what is 20210110 - 12221020?
212020
In base 3, what is 211110111112100 - 10010?
211110111102020
In base 9, what is -6 + 363058?
363052
In base 2, what is 100010010000000 + -11010100?
100001110101100
In base 10, what is -1 - -2383329?
2383328
In base 2, what is -1000100 + -11111011010101101001111?
-11111011010101110010011
In base 14, what is -4b318 - 1ac8?
-4d002
In base 11, what is 1244005 - 307?
12437a9
In base 5, what is 212 - -1221040204?
1221040421
In base 4, what is -11211 + 3030123231?
3030112020
In base 12, what is -347670 - 265?
-347915
In base 8, what is 15 - 14373533?
-14373516
In base 2, what is -10001010000111 - -101110100100100?
11101010011101
In base 8, what is -2 + -12137517?
-12137521
In base 8, what is 247 + 10130562?
10131031
In base 7, what is 310036026 - 1?
310036025
In base 14, what is -126c3b0 + -8?
-126c3b8
In base 9, what is 751133 + -54?
751068
In base 13, what is -14b + -448a?
-4608
In base 2, what is -1100100011111101110 + 101100?
-1100100011111000010
In base 14, what is 5918 + cb3?
67cb
In base 6, what is -12052252 + -1205?
-12053501
In base 16, what is 1 - -4859d0e?
4859d0f
In base 2, what is 111110 - 101110111011111001?
-101110111010111011
In base 4, what is 333 + -100303200023?
-100303133030
In base 14, what is 4 - -52659dc?
5265a02
In base 12, what is 14325 + -1351?
12b94
In base 3, what is -2122220111 + -20001011?
-2212221122
In base 2, what is -1 - 101010100?
-101010101
In base 4, what is -13332 + -21312100?
-21332032
In base 6, what is -4042 + 513053?
505011
In base 5, what is -23344 - 123031?
-201430
In base 5, what is -104431 + 12444?
-41432
In base 9, what is -3551 + -5630?
-10281
In base 3, what is 1021101 - -110222212?
112021020
In base 5, what is -4 - -333420214?
333420210
In base 13, what is -14c72 - -16b?
-14b04
In base 3, what is -1000211220000012 + -212?
-1000211220001001
In base 15, what is -14b7bc5 - 2?
-14b7bc7
In base 10, what is 923 - 42391?
-41468
In base 4, what is 1310030011 - -112?
1310030123
In base 2, what is -111111110000011001 + -1011111?
-111111110001111000
In base 5, what is 122 - 11000203?
-11000031
In base 13, what is 4 + 29c4a8b?
29c4a92
In base 12, what is 6356a6 - -3?
6356a9
In base 14, what is -4 - -14134651?
1413464b
In base 11, what is -71078 + 96?
-70a92
In base 10, what is -1939525 + -21?
-1939546
In base 16, what is -2 + 7a1c73?
7a1c71
In base 3, what is 10200210110012120 - 0?
10200210110012120
In base 8, what is -753 - 14034?
-15007
In base 14, what is -88858b0 + -2?
-88858b2
In base 6, what is -1 + -533513041?
-533513042
In base 11, what is 696638 - -249?
696886
In base 8, what is -201146755 + 2?
-201146753
In base 11, what is 168 + -1486a2?
-148535
In base 14, what is 3239ca00 - -3?
3239ca03
In base 11, what is 1146470 + -31?
114643a
In base 12, what is 79486a - -5?
794873
In base 16, what is 638c - -33?
63bf
In base 15, what is -3056 + db9d?
ab47
In base 6, what is -1332521 - 451?
-1333412
In base 7, what is -1545 - -1146515?
1144640
In base 9, what is -5 + 18243403?
18243387
In base 16, what is 28ed + -2c7?
2626
In base 11, what is 7 - 280176aa?
-280176a3
In base 15, what is -33504 + 190?
-33364
In base 7, what is -351 - 61350?
-62031
In base 4, what is -1 + 10231131103?
10231131102
In base 4, what is 1011 + 11313031131?
11313032202
In base 9, what is 262 - 628643?
-628371
In base 6, what is 3440 + 5211?
13051
In base 3, what is 2220 - 10220200000?
-10220120010
In base 4, what is -1222 - -10321022211?
10321020323
In base 15, what is 247c + 1488?
3915
In base 12, what is -473 + 29457?
28ba4
In base 9, what is -36 - -376322?
376275
In base 6, what is 242 + 24505033?
24505315
In base 10, what is 1 + -3196496?
-3196495
In base 3, what is -22111010212 + -200?
-22111011112
In base 7, what is -23 + -1234443?
-1234466
In base 6, what is -255313 + 150355?
-104514
In base 4, what is 3110131 - 2101?
3102030
In base 7, what is -246 - -251001?
250422
In base 13, what is 3c19b + -1?
3c19a
In base 15, what is -4 - 14edc18?
-14edc1c
In base 16, what is -1 - -e8a1a3?
e8a1a2
In base 11, what is -5 - 38896a97?
-38896aa1
In base 14, what is -3 - -35347?
35344
In base 2, what is 1 - -101011010100110010111101011?
101011010100110010111101100
In base 2, what is -11000100101000110010 + 100?
-11000100101000101110
In base 6, what is -1105440135 - 4?
-1105440143
In base 16, what is -8d - 1bc0?
-1c4d
In base 15, what is -8a53a3 - 1?
-8a53a4
In base 3, what is 0 - 2011122021021001?
-2011122021021001
In base 8, what is 51740551 - 7?
51740542
In base 13, what is 0 + 1caa44c?
1caa44c
In base 14, what is -19bac5 - -6?
-19babd
In base 15, what is 1 + 144697?
144698
In base 8, what